posite number?
False
Is 21561041 a composite number?
False
Is 110414357 prime?
True
Is 149448071 a prime number?
False
Is 7368689 a prime number?
True
Is 116514241 prime?
True
Is 10040269 a composite number?
False
Is 8159309 a composite number?
True
Is 7313851 a composite number?
True
Is 17142241 a composite number?
False
Is 4112939 prime?
True
Is 31661401 a composite number?
False
Is 616692763 prime?
False
Is 28099471 composite?
True
Is 4970131 prime?
True
Is 139120657 composite?
True
Is 2402273 a composite number?
True
Is 3996569 prime?
True
Is 2605801 a composite number?
True
Is 302264761 composite?
False
Is 63218761 prime?
False
Is 175124687 a composite number?
False
Is 48930481 a prime number?
False
Is 86833471 composite?
False
Is 8714857 prime?
True
Is 3833971 prime?
True
Is 20600029 composite?
True
Is 86921293 a prime number?
True
Is 245558351 prime?
True
Is 16341109 composite?
True
Is 9212639 a composite number?
False
Is 1685951 composite?
False
Is 2079013 a composite number?
False
Is 3278897 a prime number?
False
Is 4771993 a prime number?
True
Is 15450429 a composite number?
True
Is 8344067 a prime number?
True
Is 706349 a composite number?
True
Is 4730201 a composite number?
True
Is 1934038 a composite number?
True
Is 36240703 a prime number?
True
Is 3943921 a prime number?
True
Is 113631547 a composite number?
True
Is 8509649 prime?
True
Is 897409 a prime number?
False
Is 3656957 composite?
True
Is 27297191 a composite number?
False
Is 1997587 a prime number?
True
Is 76175381 prime?
False
Is 12594539 a composite number?
False
Is 2778341 a prime number?
True
Is 627715167 composite?
True
Is 3782153 a prime number?
True
Is 150151 prime?
True
Is 338659 a prime number?
True
Is 267244763 composite?
False
Is 215110717 prime?
False
Is 3337319 a prime number?
True
Is 122647729 composite?
False
Is 846421 a composite number?
False
Is 499433549 composite?
False
Is 488324449 composite?
False
Is 11741669 prime?
False
Is 70503491 prime?
False
Is 81182902 a prime number?
False
Is 2997767 prime?
True
Is 97836133 a prime number?
False
Is 3499163 a prime number?
True
Is 8178361 a prime number?
False
Is 2204249 a prime number?
False
Is 42427397 composite?
True
Is 13180991 composite?
True
Is 32406443 a composite number?
False
Is 175374833 composite?
True
Is 7986197 composite?
False
Is 36090449 a composite number?
False
Is 16437031 prime?
False
Is 54709 composite?
False
Is 2278399 a composite number?
True
Is 21489421 a prime number?
True
Is 18824681 prime?
False
Is 34182011 a composite number?
False
Is 12836207 prime?
False
Is 286380649 prime?
True
Is 5311667 prime?
False
Is 12553199 a prime number?
True
Is 136893 a prime number?
False
Is 2437559 composite?
False
Is 5111731 a composite number?
True
Is 87142589 a prime number?
False
Is 26278361 composite?
False
Is 3958687 prime?
True
Is 13452319 a composite number?
False
Is 11114573 composite?
False
Is 729563257 composite?
False
Is 585185 composite?
True
Is 782707 prime?
True
Is 87592777 prime?
False
Is 593867 a prime number?
False
Is 410447 a prime number?
False
Is 115576063 prime?
False
Is 47145409 a composite number?
True
Is 4268063 a composite number?
False
Is 31452571 a composite number?
False
Is 8642057 a prime number?
True
Is 1988759 a composite number?
False
Is 41385061 prime?
True
Is 2118675035 a prime number?
False
Is 2918159 a composite number?
True
Is 5643809 a composite number?
True
Is 8176687 composite?
False
Is 215383261 a composite number?
True
Is 243577 a composite number?
False
Is 6752351 a prime number?
True
Is 53707561 a prime number?
True
Is 5288267 composite?
False
Is 30776101 composite?
False
Is 2419229 a prime number?
True
Is 21631531 prime?
False
Is 54390779 a prime number?
True
Is 24998269 a prime number?
True
Is 4854614273 composite?
False
Is 114300643 composite?
False
Is 3141445 prime?
False
Is 153853837 a prime number?
False
Is 2315501 a prime number?
False
Is 575359 a prime number?
True
Is 1164733 a prime number?
False
Is 382133369 a prime number?
False
Is 120749 prime?
True
Is 8902547 prime?
True
Is 3255751 a composite number?
False
Is 5600857 a composite number?
True
Is 50781453 a prime number?
False
Is 188827 a prime number?
True
Is 2489906 composite?
True
Is 1441219 composite?
True
Is 793691 composite?
False
Is 3809381 a prime number?
True
Is 37183351 a composite number?
True
Is 1645087 prime?
True
Is 1511999 prime?
True
Is 9401279 prime?
True
Is 10741873 composite?
True
Is 43990801 a prime number?
False
Is 9216239 composite?
False
Is 45200281 composite?
True
Is 1910071 composite?
False
Is 5261387 a composite number?
False
Is 8469187 a composite number?
False
Is 25433641 prime?
True
Is 13702189 a prime number?
False
Is 3682057 a composite number?
False
Is 1268011 composite?
False
Is 321862253 composite?
True
Is 4837763 a prime number?
False
Is 37520009 prime?
False
Is 19164063 a prime number?
False
Is 163364177 composite?
False
Is 53541533 a prime number?
True
Is 3961913 a composite number?
True
Is 4341419 a prime number?
True
Is 1159367 prime?
False
Is 23204017 prime?
False
Is 73266703 prime?
True
Is 559056301 a composite number?
False
Is 113059829 prime?
True
Is 2992939 composite?
False
Is 1187411 a prime number?
True
Is 203741 composite?
True
Is 5157337 a composite number?
True
Is 798053 a composite number?
True
Is 248329243 a composite number?
False
Is 1595249 a composite number?
True
Is 165811 prime?
True
Is 42007757 a composite number?
True
Is 20601743 prime?
True
Is 5918761 a composite number?
True
Is 7854254 a prime number?
False
Is 73771757 a prime number?
False
Is 7874819 composite?
False
Is 5180923 composite?
True
Is 2790043 prime?
False
Is 2219507 a composite number?
True
Is 111855113 a composite number?
False
Is 16958599 a prime number?
False
Is 950892301 a composite number?
False
Is 6221119 prime?
True
Is 174019 prime?
True
Is 646073621 a prime number?
True
Is 73380859 prime?
False
Is 122887 a prime number?
True
Is 34594907 prime?
True
Is 2049947 prime?
False
Is 76029665 a prime number?
False
Is 81143 composite?
True
Is 58463791 prime?
False
Is 153633421 prime?
False
Is 134792071 a prime number?
True
Is 22801561 a prime number?
False
Is 160387 a composite number?
False
Is 2198981 a composite number?
False
Is 5091467 a composite number?
False
Is 50083699 a composite number?
False
Is 11825389 composite?
False
Is 298141559 prime?
False
Is 5430017 prime?
False
Is 185694611 composite?
True
Is 1059127 a prime number?
False
Is 1700029 a composite number?
True
Is 19739959 composite?
False
Is 1336613 a composite number?
False
Is 2591347 a composite number?
True
Is 125974847 prime?
True
Is 212962951 a composite number?
False
Is 50441089 a prime number?
True
Is 1696801 composite?
False
Is 19696783 a composite number?
True
Is 85142935 a prime number?
False
Is 5034683 a composite number?
False
Is 190221581 a prime number?
False
Is 83092159 composite?
True
Is 13438549 a prime number?
False
Is 2823151 composite?
True
Is 135238963 prime?
True
Is 3571069 a prime number?
False
Is 57199127 composite?
False
Is 6180719 composite?
True
Is 267300499 prime?
False
Is 109478261 a composite number?
False
Is 20359237 a prime number?
True
Is 1905157 a composite number?
False
Is 115866031 a prime number?
True
Is 249573749 composite?
True
Is 71163461 a prime number?
False
Is 179154214 a composite number?
True
Is 15406961 prime?
True
Is 3373829 a prime number?
True
Is 11035849 a prime number?
False
Is 4330237 prime?
False
Is 8906069 composite?
True
Is 127213 prime?
False
Is 24335749 a composite number?
False
Is 33107 a prime number?
True
Is 71367013 a prime number?
False
Is 13425523 a composite number?
True
Is 518773 a composite number?
True
Is 6125983 a prime number?
False
Is 18899141 a composite number?
True
Is 69721851 prime?
False
Is 7878953 prime?
False
Is 15106534 a prime number?
False
Is 45672691 composite?
False
Is 16569859 a composite number?
False
Is 103899389 prime?
False
Is 5596103 composite?
False
Is 1746821 a prime number?
True
Is 10826689 a prime number?
True
Is 8758979 composite?
False
Is 71882533 a composite number?
True
Is 102885191 composite?
False
Is 39297971 a prime number?
True
Is 44413 prime?
False
Is 36916387 composite?
True
Is 2855089 a prime number?
True
Is 